74179009 prime?
True
Is 143537287 a prime number?
False
Is 3446593 prime?
False
Is 245879 a prime number?
False
Is 129989218 prime?
False
Is 1351057 a composite number?
True
Is 1644547 composite?
False
Is 20359789 prime?
False
Is 26269909 prime?
True
Is 78713261 prime?
False
Is 5774863 a prime number?
False
Is 164211277 prime?
True
Is 11558449 a prime number?
False
Is 48598703 prime?
False
Is 42256138 a prime number?
False
Is 168750529 prime?
True
Is 8950009 a composite number?
True
Is 72119843 a prime number?
True
Is 152985869 a prime number?
False
Is 7895131 a prime number?
True
Is 26174729 prime?
False
Is 4287511 prime?
True
Is 235152041 composite?
True
Is 58718381 prime?
True
Is 363311489 composite?
True
Is 861096419 a prime number?
True
Is 13364717 a composite number?
True
Is 3577099 a prime number?
True
Is 773323 composite?
True
Is 964871483 prime?
False
Is 2195027 a composite number?
True
Is 101630983 prime?
True
Is 2877767 composite?
True
Is 346601938 a composite number?
True
Is 7628591 a composite number?
False
Is 384173 a prime number?
True
Is 132641891 prime?
True
Is 216893513 prime?
True
Is 1919101 a prime number?
False
Is 6905503 composite?
True
Is 135819887 composite?
True
Is 8232857 a prime number?
True
Is 10728593 composite?
True
Is 144308023 a composite number?
False
Is 79897931 composite?
False
Is 93248953 a composite number?
True
Is 53910985 prime?
False
Is 4569013 a prime number?
True
Is 12630913 prime?
True
Is 128448809 prime?
True
Is 7173599 prime?
True
Is 22653697 a prime number?
False
Is 202014577 composite?
True
Is 74561351 prime?
True
Is 13038973 prime?
True
Is 155439283 a composite number?
False
Is 597841 a composite number?
True
Is 37227923 a prime number?
True
Is 116370671 a prime number?
True
Is 10729762 composite?
True
Is 21338511 a prime number?
False
Is 32154617 composite?
True
Is 108448913 prime?
True
Is 19571 a composite number?
False
Is 188662619 composite?
False
Is 3785447 a composite number?
True
Is 11115463 a composite number?
True
Is 120084869 a composite number?
True
Is 1347527 composite?
False
Is 8994191 composite?
False
Is 17593811 prime?
True
Is 842411 composite?
True
Is 35110199 a prime number?
False
Is 23110789 a prime number?
False
Is 5037371 a composite number?
False
Is 4374637 composite?
False
Is 5419157 a composite number?
False
Is 12924941 composite?
True
Is 4290887 a composite number?
False
Is 349499063 composite?
False
Is 11545 prime?
False
Is 2914283 prime?
True
Is 1255993 prime?
True
Is 34585349 a prime number?
True
Is 20534639 composite?
True
Is 2162455 a prime number?
False
Is 321419281 prime?
False
Is 772903 a composite number?
False
Is 4093561 composite?
True
Is 131073 prime?
False
Is 114409043 a prime number?
False
Is 21268085 a composite number?
True
Is 27685993 composite?
False
Is 2608717 prime?
False
Is 147817687 a prime number?
True
Is 611389 a composite number?
False
Is 88229429 a prime number?
True
Is 117288071 prime?
True
Is 150552557 a prime number?
True
Is 1906513 a composite number?
True
Is 11819279 a prime number?
True
Is 1445261 composite?
False
Is 598447 a prime number?
True
Is 173837 prime?
False
Is 3887043 a composite number?
True
Is 280384759 a prime number?
True
Is 122264371 a composite number?
False
Is 3542731 a composite number?
True
Is 3355679 prime?
False
Is 124324001 prime?
False
Is 70431593 a prime number?
True
Is 30495877 prime?
False
Is 335072009 a prime number?
False
Is 2579111 a composite number?
False
Is 122231 composite?
False
Is 552906301 a composite number?
True
Is 20129 a composite number?
False
Is 14416603 composite?
False
Is 2487079 composite?
True
Is 1970573 a composite number?
True
Is 43943773 composite?
False
Is 14345291 a composite number?
True
Is 5436391 prime?
True
Is 242957333 a prime number?
True
Is 18052469 prime?
True
Is 32487297 a composite number?
True
Is 160282999 a prime number?
False
Is 25350527 prime?
True
Is 45963553 composite?
False
Is 8016429 a prime number?
False
Is 18774326 a composite number?
True
Is 22135051 composite?
False
Is 1072057 a prime number?
False
Is 127475347 a prime number?
True
Is 13292557 a prime number?
True
Is 19309663 prime?
True
Is 377873 a prime number?
True
Is 36283327 composite?
True
Is 484776407 a prime number?
True
Is 158161 a prime number?
True
Is 45861083 a prime number?
False
Is 20451373 prime?
True
Is 660767 composite?
True
Is 40772867 a prime number?
False
Is 2211997 a prime number?
True
Is 131518961 prime?
False
Is 449377 a composite number?
True
Is 7435531 prime?
True
Is 153841 prime?
True
Is 24555413 composite?
False
Is 10094653 prime?
True
Is 1961797 composite?
False
Is 84816119 a prime number?
False
Is 5457421 composite?
False
Is 6571157 a composite number?
True
Is 12983153 a prime number?
True
Is 156421159 a prime number?
True
Is 7478257 prime?
True
Is 400924259 prime?
True
Is 2984441 prime?
True
Is 11852743 prime?
False
Is 10524181 a composite number?
True
Is 28267483 prime?
False
Is 6107407 a composite number?
True
Is 4186907 composite?
False
Is 13244633 a composite number?
False
Is 835999 a composite number?
True
Is 9391691 a composite number?
False
Is 634730183 a composite number?
False
Is 48728039 a composite number?
False
Is 144153197 composite?
False
Is 41417611 prime?
True
Is 113725483 a composite number?
False
Is 322526129 composite?
True
Is 158929937 a composite number?
True
Is 21935897 a composite number?
True
Is 261242431 a composite number?
False
Is 9493513 a prime number?
False
Is 24677801 a composite number?
False
Is 11936131 a prime number?
True
Is 838247 prime?
True
Is 21071683 prime?
True
Is 54751 a prime number?
True
Is 1845881 composite?
False
Is 3663743 composite?
False
Is 48497521 prime?
True
Is 4102991 composite?
False
Is 2669951 a prime number?
True
Is 10206466 a prime number?
False
Is 144529727 composite?
False
Is 4210117 prime?
False
Is 6755449 a prime number?
True
Is 278475401 composite?
True
Is 104363321 a composite number?
False
Is 4016917 composite?
False
Is 5820869 prime?
True
Is 15892139 prime?
True
Is 2839117 a composite number?
False
Is 3587239 a composite number?
True
Is 18719983 prime?
True
Is 1689265 composite?
True
Is 2366207 a prime number?
True
Is 8637157 composite?
True
Is 2698103 prime?
True
Is 22562323 composite?
True
Is 23966777 a composite number?
True
Is 6076517 composite?
True
Is 279269 composite?
False
Is 630635491 a prime number?
False
Is 14107421 a prime number?
True
Is 9572845 a composite number?
True
Is 50563847 a prime number?
True
Is 96739481 prime?
True
Is 1131181 prime?
True
Is 1985983 a composite number?
True
Is 64488563 composite?
True
Is 38730113 a composite number?
True
Is 10263209 a composite number?
True
Is 12812953 composite?
True
Is 704699 prime?
False
Is 12092597 a prime number?
False
Is 379324573 a composite number?
False
Is 54929263 a composite number?
False
Is 1973339 a prime number?
True
Is 1986316583 prime?
True
Is 6883031 composite?
True
Is 3846833 a composite number?
False
Is 1147481 prime?
False
Is 967007942 a composite number?
True
Is 56030239 a prime number?
True
Is 889010497 composite?
True
Is 255587 composite?
False
Is 31477141 a prime number?
True
Is 15767057 a prime number?
False
Is 6636561 a composite number?
True
Is 10095209 a composite number?
False
Is 793379 composite?
False
Is 9836447 prime?
False
Is 119053169 a composite number?
False
Is 5726651 a composite number?
True
Is 22852814 composite?
True
Is 5857103 a prime number?
False
Is 642457 prime?
True
Is 647923 a composite number?
True
Is 69309857 prime?
True
Is 23511871 prime?
False
Is 7458797 a prime number?
True
Is 59044681 prime?
True
Is 1373221 prime?
False
Is 5008611 a composite number?
True
Is 11682035 a prime number?
False
Is 230915851 a composite number?
True
Is 177567857 composite?
False
Is 3027719 a prime number?
True
Is 1353043229 composite?
True
Is 11177323 composite?
False
Is 4667527 prime?
True
Is 328318481 prime?
True
Is 257253455 composite?
True
Is 81171749 prime?
True
Is 105242177 a composite number?
False
Is 2639417 a prime number?
False
Is 70272859 composite?
True
Is 23995927 a composite number?
True
Is 14381833 a prime number?
True
Is 401023877 a composite number?
True
Is 18759047 a composite number?
False
Is 2640697 prime?
False
Is 275